{"id":1875,"date":"2023-03-15T17:26:44","date_gmt":"2023-03-15T16:26:44","guid":{"rendered":"http:\/\/web.dedova.cz\/?page_id=1875"},"modified":"2023-03-15T17:33:02","modified_gmt":"2023-03-15T16:33:02","slug":"informace-gdpr","status":"publish","type":"page","link":"https:\/\/www.dedova.cz\/?page_id=1875","title":{"rendered":"Informace GDPR"},"content":{"rendered":"\n<p><strong>Obec D\u011bdov\u00e1, jako\u017eto spr\u00e1vce osobn\u00edch \u00fadaj\u016f, V\u00e1s v souladu s GDPR informuje o rozsahu a \u00fa\u010delu zpracov\u00e1n\u00ed osobn\u00edch \u00fadaj\u016f fyzick\u00fdch osob v r\u00e1mci na\u0161eho&nbsp; jedn\u00e1n\u00ed.<\/strong><\/p>\n\n\n\n<p>Ve smyslu \u010dl\u00e1nku 13 a 14 Obecn\u00e9ho na\u0159\u00edzen\u00ed Evropsk\u00e9ho parlamentu a\nRady (EU) 2016\/679 ze dne 27. dubna 2016, o ochran\u011b fyzick\u00fdch osob v\nsouvislosti se zpracov\u00e1n\u00edm osobn\u00edch \u00fadaj\u016f a o voln\u00e9m pohybu t\u011bchto \u00fadaj\u016f a o\nzru\u0161en\u00ed sm\u011brnice 95\/46\/ES (d\u00e1le jen GDPR) V\u00e1s <strong>INFORMUJEME,<\/strong> \u017ee obec\nD\u011bdov\u00e1 se s\u00eddlem D\u011bdov\u00e1 38, I\u010c: 00269964, PS\u010c 539 01, , jako\u017eto spr\u00e1vce\nosobn\u00edch \u00fadaj\u016f, <strong>ZPRACOV\u00c1V\u00c1 VA\u0160E OSOBN\u00cd \u00daDAJE, tj.<\/strong> <strong>osobn\u00ed \u00fadaje\nfyzick\u00fdch osob, v&nbsp;r\u00e1mci sv\u00e9 \u010dinnosti.<\/strong> <\/p>\n\n\n\n<p><strong>Osobn\u00ed \u00fadaje mohou b\u00fdt v rozsahu<\/strong>: <em>ob\u010dan\u016f jm\u00e9no, p\u0159\u00edjmen\u00ed, trval\u00e9 bydli\u0161t\u011b,datum narozen\u00ed\nnebo rodn\u00e9 \u010d\u00edslo titul, \u010d\u00edslo bankovn\u00edho \u00fa\u010dtu, telefonn\u00ed \u010d\u00edslo, emailov\u00e1 adresa,u\nfyzick\u00fdch osob \u2013 podnikatel\u016f, m\u00edsto podnik\u00e1n\u00ed, adresa bydli\u0161t\u011b, I\u010cO, DI\u010c, \u010d\u00edslo\nbankovn\u00edho \u00fa\u010dtu, telefonn\u00ed \u010d\u00edslo, emailov\u00e1 adresa, ID po\u0161tovn\u00ed datov\u00e9 schr\u00e1nky,\nadresa m\u00edsta pln\u011bn\u00ed, podpis.<\/em> Osobn\u00ed \u00fadaje z\u00edsk\u00e1v\u00e1me od subjekt\u016f \u00fadaj\u016f nebo\nz ve\u0159ejn\u00fdch zdroj\u016f.&nbsp; <\/p>\n\n\n\n<p><strong>\u00da\u010dely zpracov\u00e1n\u00ed jsou zejm\u00e9na<\/strong>:<\/p>\n\n\n\n<ol><li>v\u00fdkonu\nst\u00e1tn\u00ed spr\u00e1vy,<\/li><li>v\u00fdkonu\nsamospr\u00e1vy,<\/li><li>poskytov\u00e1n\u00ed\ndotac\u00ed a n\u00e1vratn\u00fdch finan\u010dn\u00edch v\u00fdpomoc\u00ed,<\/li><li>zaji\u0161t\u011bn\u00ed\nintern\u00edch proces\u016f,<\/li><li>komunikace s\nob\u010dany.<\/li><\/ol>\n\n\n\n<p>Va\u0161e nezbytn\u00e9 osobn\u00ed \u00fadaje\njsou shroma\u017e\u010fov\u00e1ny a d\u00e1le zpracov\u00e1v\u00e1ny zejm\u00e9na na z\u00e1klad\u011b spln\u011bn\u00ed pr\u00e1vn\u00edch\npovinnost\u00ed, kter\u00e9 se na m\u011bsto vztahuj\u00ed a d\u00e1le na z\u00e1klad\u011b spln\u011bn\u00ed \u00fakol\u016f ve\nve\u0159ejn\u00e9m z\u00e1jmu nebo v\u00fdkonu ve\u0159ejn\u00e9 moci, kterou je m\u011bsto pov\u011b\u0159eno.<\/p>\n\n\n\n<p>Dal\u0161\u00ed nezbytn\u00e9 osobn\u00ed\n\u00fadaje jsou p\u0159\u00edpadn\u011b shroma\u017e\u010fov\u00e1ny za \u00fa\u010delem spln\u011bn\u00ed smlouvy mezi m\u011bstem a\nsubjekty osobn\u00edch \u00fadaj\u016f.<\/p>\n\n\n\n<p>V souvislosti s nutnost\u00ed\nzaji\u0161t\u011bn\u00ed n\u011bkter\u00fdch intern\u00edch proces\u016f a komunikace s ob\u010dany zpracov\u00e1v\u00e1 d\u00e1le\nm\u011bsto, ve sv\u00e9m opr\u00e1vn\u011bn\u00e9m z\u00e1jmu, n\u011bkter\u00e9 adresn\u00ed a identifika\u010dn\u00ed \u00fadaje sv\u00fdch\nzam\u011bstnanc\u016f a \u010dlen\u016f org\u00e1n\u016f m\u011bsta.<\/p>\n\n\n\n<p>Ve v\u00fdjime\u010dn\u00fdch p\u0159\u00edpadech\njsou osobn\u00ed \u00fadaje shroma\u017e\u010fov\u00e1ny a d\u00e1le zpracov\u00e1v\u00e1ny na z\u00e1klad\u011b ud\u011blen\u00e9ho\nsouhlasu subjekt\u016f \u00fadaj\u016f, kter\u00fd v\u017edy vyjad\u0159uje svobodn\u00fd, konkr\u00e9tn\u00ed, informovan\u00fd\na jednozna\u010dn\u00fd projev v\u016fle subjektu \u00fadaj\u016f a jeho\u017e sou\u010d\u00e1st\u00ed je v\u017edy informace o\nmo\u017enosti ud\u011blen\u00fd souhlas kdykoliv odvolat.<\/p>\n\n\n\n<p>Osobn\u00ed \u00fadaje nejsou\np\u0159ed\u00e1v\u00e1ny jin\u00fdm osob\u00e1m, pokud povinnost jejich p\u0159ed\u00e1n\u00ed org\u00e1n\u016fm, \u00fa\u0159ad\u016fm \u010di\ninstituc\u00edm, nen\u00ed m\u011bstu ulo\u017eena zvl\u00e1\u0161tn\u00edm pr\u00e1vn\u00edm p\u0159edpisem anebo k tomu subjekt\n\u00fadaj\u016f neud\u011blil souhlas.<\/p>\n\n\n\n<p>P\u0159i zpracov\u00e1n\u00ed osobn\u00edch\n\u00fadaj\u016f u m\u011bsta nedoch\u00e1z\u00ed k automatizovan\u00e9mu rozhodov\u00e1n\u00ed, na jeho\u017e z\u00e1klad\u011b by\nbyly \u010din\u011bny \u00fakony \u010di rozhodnut\u00ed, jejich\u017e obsahem by byl z\u00e1sah do pr\u00e1v \u010di opr\u00e1vn\u011bn\u00fdch\nz\u00e1jm\u016f ob\u010dan\u016f.<\/p>\n\n\n\n<p>Va\u0161e osobn\u00ed \u00fadaje jsou\nzpracov\u00e1v\u00e1ny pouze po nezbytnou dobu, kter\u00e1 je individu\u00e1ln\u00ed pro jednotliv\u00e9\n\u00fa\u010dely zpracov\u00e1n\u00ed. Po uplynut\u00ed t\u00e9to doby jsou osobn\u00ed \u00fadaje zlikvidov\u00e1ny nebo\njsou d\u00e1le uchov\u00e1ny po dobu stanovenou platn\u00fdm Spisov\u00fdm a skarta\u010dn\u00edm pl\u00e1nem,\nvydan\u00fdm v souladu se z\u00e1konem \u010d. 499\/2004 Sb., o archivnictv\u00ed a spisov\u00e9 slu\u017eb\u011b.<\/p>\n\n\n\n<p>V souvislosti se\nzpracov\u00e1n\u00edm Va\u0161ich osobn\u00edch \u00fadaj\u016f m\u00e1te pr\u00e1vo na p\u0159\u00edstup k Va\u0161im osobn\u00edm \u00fadaj\u016fm,\nna jejich opravu nebo v\u00fdmaz, pop\u0159\u00edpad\u011b omezen\u00ed zpracov\u00e1n\u00ed, vzn\u00e9st n\u00e1mitku proti\njejich zpracov\u00e1n\u00ed, p\u0159\u00edpadn\u011b uplatnit pr\u00e1vo na p\u0159enositelnost \u00fadaj\u016f a dal\u0161\u00ed\npr\u00e1va podle obecn\u00e9ho na\u0159\u00edzen\u00ed o ochran\u011b osobn\u00edch \u00fadaj\u016f.<\/p>\n\n\n\n<p>Sv\u00e1 pr\u00e1va a po\u017eadavky\nuplat\u0148ujte u pov\u011b\u0159ence pro ochranu osobn\u00edch \u00fadaj\u016f.<\/p>\n\n\n\n<p>Va\u0161e po\u017eadavky budou v\u017edy \u0159\u00e1dn\u011b\nposouzeny a vypo\u0159\u00e1d\u00e1ny v souladu s p\u0159\u00edslu\u0161n\u00fdmi ustanoven\u00edmi obecn\u00e9ho na\u0159\u00edzen\u00ed.\nV p\u0159\u00edpad\u011b, \u017ee nebudete souhlasit s vypo\u0159\u00e1d\u00e1n\u00edm Va\u0161ich po\u017eadavk\u016f a \u017e\u00e1dost\u00ed, m\u00e1te\npr\u00e1vo podat st\u00ed\u017enost \u00da\u0159adu pro ochranu osobn\u00edch \u00fadaj\u016f.<\/p>\n\n\n\n<p>Osobn\u00ed \u00fadaje mohou b\u00fdt pro n\u00e1s zpracov\u00e1ny zpracovatelem na z\u00e1klad\u011b\nzvl\u00e1\u0161tn\u00edho smluvn\u00edho vztahu.<\/p>\n\n\n\n<p>Osobn\u00ed \u00fadaje budou uchov\u00e1v\u00e1ny jako dokument v listinn\u00e9 podob\u011b,\npop\u0159. jako dokument v elektronick\u00e9 podob\u011b, a v datab\u00e1zi v elektronick\u00e9m syst\u00e9mu\nspr\u00e1vce. <\/p>\n\n\n\n<p>Subjekt \u00fadaj\u016f m\u00e1 pr\u00e1vo na p\u0159\u00edstup ke sv\u00fdm \u00fadaj\u016fm za \u00fa\u010delem kontroly a po\u0159\u00edzen\u00ed jejich kopie. M\u00e1 pr\u00e1vo na opravu sv\u00fdch osobn\u00edch \u00fadaj\u016f, omezen\u00ed zpracov\u00e1n\u00ed, uplatn\u011bn\u00ed n\u00e1mitky, v\u00fdmaz po skon\u010den\u00ed zpracov\u00e1n\u00ed. M\u00e1 pr\u00e1vo podat st\u00ed\u017enost dozorov\u00e9mu org\u00e1nu (\u00da\u0159adu na ochranu osobn\u00edch \u00fadaj\u016f), pokud by nakl\u00e1d\u00e1n\u00ed s osobn\u00edmi \u00fadaji bylo v rozporu s pr\u00e1vn\u00edmi p\u0159edpisy. Kontaktn\u00ed \u00fadaje spr\u00e1vce ohledn\u011b osobn\u00edch \u00fadaj\u016f jsou: <\/p>\n\n\n\n<p>Ing. Petr \u0160nek, 776\u00a0772\u00a0446<\/p>\n\n\n\n<p><strong>Dokumenty ke sta\u017een\u00ed<\/strong><\/p>\n\n\n\n<div class=\"wp-block-file\"><a href=\"http:\/\/web.dedova.cz\/wp-content\/uploads\/\u017d\u00c1DOST-O-P\u0158\u00cdSTUP-K-OSOBN\u00cdM-\u00daDAJ\u016eM-obec-1.docx\">\u017d\u00c1DOST O P\u0158\u00cdSTUP K OSOBN\u00cdM \u00daDAJ\u016eM &#8211; obec<\/a><a href=\"http:\/\/web.dedova.cz\/wp-content\/uploads\/\u017d\u00c1DOST-O-P\u0158\u00cdSTUP-K-OSOBN\u00cdM-\u00daDAJ\u016eM-obec-1.docx\" class=\"wp-block-file__button\" download>St\u00e1hnout<\/a><\/div>\n","protected":false},"excerpt":{"rendered":"<p>Obec D\u011bdov\u00e1, jako\u017eto spr\u00e1vce osobn\u00edch \u00fadaj\u016f, V\u00e1s v souladu s GDPR informuje o rozsahu a \u00fa\u010delu zpracov\u00e1n\u00ed osobn\u00edch \u00fadaj\u016f fyzick\u00fdch osob v r\u00e1mci na\u0161eho&nbsp; jedn\u00e1n\u00ed. Ve smyslu \u010dl\u00e1nku 13 a 14 Obecn\u00e9ho na\u0159\u00edzen\u00ed Evropsk\u00e9ho parlamentu a Rady (EU) 2016\/679 ze dne 27. dubna 2016, o ochran\u011b fyzick\u00fdch osob v souvislosti se zpracov\u00e1n\u00edm osobn\u00edch \u00fadaj\u016f a [&hellip;]<\/p>\n","protected":false},"author":1,"featured_media":0,"parent":0,"menu_order":0,"comment_status":"closed","ping_status":"closed","template":"","meta":{"footnotes":""},"_links":{"self":[{"href":"https:\/\/www.dedova.cz\/index.php?rest_route=\/wp\/v2\/pages\/1875"}],"collection":[{"href":"https:\/\/www.dedova.cz\/index.php?rest_route=\/wp\/v2\/pages"}],"about":[{"href":"https:\/\/www.dedova.cz\/index.php?rest_route=\/wp\/v2\/types\/page"}],"author":[{"embeddable":true,"href":"https:\/\/www.dedova.cz\/index.php?rest_route=\/wp\/v2\/users\/1"}],"replies":[{"embeddable":true,"href":"https:\/\/www.dedova.cz\/index.php?rest_route=%2Fwp%2Fv2%2Fcomments&post=1875"}],"version-history":[{"count":4,"href":"https:\/\/www.dedova.cz\/index.php?rest_route=\/wp\/v2\/pages\/1875\/revisions"}],"predecessor-version":[{"id":1881,"href":"https:\/\/www.dedova.cz\/index.php?rest_route=\/wp\/v2\/pages\/1875\/revisions\/1881"}],"wp:attachment":[{"href":"https:\/\/www.dedova.cz\/index.php?rest_route=%2Fwp%2Fv2%2Fmedia&parent=1875"}],"curies":[{"name":"wp","href":"https:\/\/api.w.org\/{rel}","templated":true}]}}