{"id":1885,"date":"2023-03-15T17:43:07","date_gmt":"2023-03-15T16:43:07","guid":{"rendered":"http:\/\/web.dedova.cz\/?page_id=1885"},"modified":"2023-03-20T20:07:27","modified_gmt":"2023-03-20T19:07:27","slug":"knihovna","status":"publish","type":"page","link":"https:\/\/www.dedova.cz\/?page_id=1885","title":{"rendered":"Knihovna"},"content":{"rendered":"\n<p>Ka\u017ed\u00fd lich\u00fd \u010dtvrtek v m\u011bs\u00edci je otev\u0159ena na\u0161e knihovna od 16:00 do 17:00 hod.<\/p>\n\n\n\n<p><\/p>\n","protected":false},"excerpt":{"rendered":"<p>Ka\u017ed\u00fd lich\u00fd \u010dtvrtek v m\u011bs\u00edci je otev\u0159ena na\u0161e knihovna od 16:00 do 17:00 hod.<\/p>\n","protected":false},"author":1,"featured_media":0,"parent":0,"menu_order":0,"comment_status":"closed","ping_status":"closed","template":"","meta":{"footnotes":""},"_links":{"self":[{"href":"https:\/\/www.dedova.cz\/index.php?rest_route=\/wp\/v2\/pages\/1885"}],"collection":[{"href":"https:\/\/www.dedova.cz\/index.php?rest_route=\/wp\/v2\/pages"}],"about":[{"href":"https:\/\/www.dedova.cz\/index.php?rest_route=\/wp\/v2\/types\/page"}],"author":[{"embeddable":true,"href":"https:\/\/www.dedova.cz\/index.php?rest_route=\/wp\/v2\/users\/1"}],"replies":[{"embeddable":true,"href":"https:\/\/www.dedova.cz\/index.php?rest_route=%2Fwp%2Fv2%2Fcomments&post=1885"}],"version-history":[{"count":3,"href":"https:\/\/www.dedova.cz\/index.php?rest_route=\/wp\/v2\/pages\/1885\/revisions"}],"predecessor-version":[{"id":1914,"href":"https:\/\/www.dedova.cz\/index.php?rest_route=\/wp\/v2\/pages\/1885\/revisions\/1914"}],"wp:attachment":[{"href":"https:\/\/www.dedova.cz\/index.php?rest_route=%2Fwp%2Fv2%2Fmedia&parent=1885"}],"curies":[{"name":"wp","href":"https:\/\/api.w.org\/{rel}","templated":true}]}}