{"id":211,"date":"2015-05-14T11:53:05","date_gmt":"2015-05-14T15:53:05","guid":{"rendered":"http:\/\/demos.volovar.net\/townpress.wp\/demo\/?page_id=211"},"modified":"2024-08-06T08:22:43","modified_gmt":"2024-08-06T07:22:43","slug":"town-history","status":"publish","type":"page","link":"https:\/\/www.dedova.cz\/?page_id=211","title":{"rendered":"Historie obce"},"content":{"rendered":"<p>D\u011bdov\u00e1 je typickou podhorskou obc\u00ed v nadmo\u0159sk\u00e9 v\u00fd\u0161ce 658 m, le\u017e\u00edc\u00ed v m\u00edrn\u00e9m \u00fadoln\u00edm svahu, odkud se otv\u00edraj\u00ed panoramatick\u00e9 pohledy na krajinu Skute\u010dska, Novohradska a Poli\u010dska.<\/p>\n<p>Obec se p\u0159ipom\u00edn\u00e1 ji\u017e v roce 1392, kdy byla sou\u010d\u00e1st\u00ed rychmbursk\u00e9ho panstv\u00ed. V 15. stolet\u00ed pat\u0159ila ke kladensk\u00e9 rycht\u011b. Zah\u00e1jen\u00ed \u0161koln\u00ed v\u00fduky je datov\u00e1no kolem 1799. Koncem 19. stolet\u00ed zde \u017eilo p\u0159es 500 obyvatel v 90 domech. V sou\u010dasnosti m\u00e1 D\u011bdov\u00e1 pouh\u00fdch 131 trvale \u017eij\u00edc\u00edch, nebo\u0165 obci se nevyhnulo st\u011bhov\u00e1n\u00ed m\u00edstn\u00edch obyvatel za lep\u0161\u00edmi ekonomick\u00fdmi podm\u00ednkami do pr\u016fmyslov\u00fdch center a pohrani\u010d\u00ed. Nejv\u011bt\u0161\u00ed odliv nastal po skon\u010den\u00ed II. sv\u011btov\u00e9 v\u00e1lky.<\/p>\n<p>V minulosti se obyvatel\u00e9 \u017eivili p\u0159edev\u0161\u00edm p\u011bstov\u00e1n\u00edm plodin na m\u00e1lo \u00farodn\u00fdch podhorsk\u00fdch pol\u00edch, zpracov\u00e1n\u00edm lnu, dom\u00e1c\u00edm tkalcovstv\u00edm a prac\u00ed se d\u0159evem, kter\u00e9ho bylo v okol\u00ed dostatek. Ve druh\u00e9 polovin\u011b 18. stolet\u00ed se zde t\u011b\u017eila \u017eelezn\u00e1 ruda. Devaten\u00e1ct\u00e9 stolet\u00ed p\u0159ineslo do vsi novou a z\u00e1hy velmi \u00fasp\u011b\u0161nou v\u00fdrobu d\u0159ev\u011bn\u00fdch hra\u010dek, kter\u00e9 se vyv\u00e1\u017eely i za hranice st\u00e1tu.<\/p>\n<p>M\u00edstn\u00ed \u010d\u00e1sti Humperky a Bahna s chr\u00e1n\u011bn\u00fdm p\u0159\u00edrodn\u00edm \u00fazem\u00edm &#8220;Bahna&#8221; jsou vyu\u017e\u00edv\u00e1ny k rekreaci a stejn\u011b jako p\u0159ev\u00e1\u017en\u00e1 \u010d\u00e1st mikroregionu nab\u00edzej\u00ed mo\u017enosti aktivn\u00edho odpo\u010dinku v p\u0159\u00edrod\u011b.<\/p>\n","protected":false},"excerpt":{"rendered":"<p>D\u011bdov\u00e1 je typickou podhorskou obc\u00ed v nadmo\u0159sk\u00e9 v\u00fd\u0161ce 658 m, le\u017e\u00edc\u00ed v m\u00edrn\u00e9m \u00fadoln\u00edm svahu, odkud se otv\u00edraj\u00ed panoramatick\u00e9 pohledy na krajinu Skute\u010dska, Novohradska a Poli\u010dska. Obec se p\u0159ipom\u00edn\u00e1 ji\u017e v roce 1392, kdy byla sou\u010d\u00e1st\u00ed rychmbursk\u00e9ho panstv\u00ed. V 15. stolet\u00ed pat\u0159ila ke kladensk\u00e9 rycht\u011b. Zah\u00e1jen\u00ed \u0161koln\u00ed v\u00fduky je datov\u00e1no kolem 1799. Koncem 19. stolet\u00ed [&hellip;]<\/p>\n","protected":false},"author":1,"featured_media":0,"parent":0,"menu_order":0,"comment_status":"closed","ping_status":"closed","template":"","meta":{"footnotes":""},"_links":{"self":[{"href":"https:\/\/www.dedova.cz\/index.php?rest_route=\/wp\/v2\/pages\/211"}],"collection":[{"href":"https:\/\/www.dedova.cz\/index.php?rest_route=\/wp\/v2\/pages"}],"about":[{"href":"https:\/\/www.dedova.cz\/index.php?rest_route=\/wp\/v2\/types\/page"}],"author":[{"embeddable":true,"href":"https:\/\/www.dedova.cz\/index.php?rest_route=\/wp\/v2\/users\/1"}],"replies":[{"embeddable":true,"href":"https:\/\/www.dedova.cz\/index.php?rest_route=%2Fwp%2Fv2%2Fcomments&post=211"}],"version-history":[{"count":3,"href":"https:\/\/www.dedova.cz\/index.php?rest_route=\/wp\/v2\/pages\/211\/revisions"}],"predecessor-version":[{"id":2820,"href":"https:\/\/www.dedova.cz\/index.php?rest_route=\/wp\/v2\/pages\/211\/revisions\/2820"}],"wp:attachment":[{"href":"https:\/\/www.dedova.cz\/index.php?rest_route=%2Fwp%2Fv2%2Fmedia&parent=211"}],"curies":[{"name":"wp","href":"https:\/\/api.w.org\/{rel}","templated":true}]}}