{"id":660,"date":"2016-10-04T13:36:15","date_gmt":"2016-10-04T13:36:15","guid":{"rendered":"http:\/\/web.dedova.cz\/?page_id=660"},"modified":"2023-01-18T22:35:46","modified_gmt":"2023-01-18T21:35:46","slug":"povinne-informace","status":"publish","type":"page","link":"https:\/\/www.dedova.cz\/?page_id=660","title":{"rendered":"Povinn\u00e9 informace"},"content":{"rendered":"<table>\n<tbody>\n<tr>\n<td colspan=\"2\">\n<table>\n<tbody>\n<tr>\n<td>\u010c\u00edslo<\/td>\n<td>N\u00e1zev<\/td>\n<td>Informace<\/td>\n<\/tr>\n<tr>\n<td>1.<\/td>\n<td>Ofici\u00e1ln\u00ed n\u00e1zev<\/td>\n<td><strong>Obec D\u011bdov\u00e1<\/strong><\/td>\n<\/tr>\n<tr>\n<td>2.<\/td>\n<td>D\u016fvod a zp\u016fsob zalo\u017een\u00ed<\/td>\n<td>Obec\u00a0 je z\u0159\u00edzena\u00a0 \u00fastavn\u00edm z\u00e1konem \u010d.1\/1993 Sb. a z\u00e1konem \u010d. 128\/2000 Sb.<\/td>\n<\/tr>\n<tr>\n<td>3.<\/td>\n<td>Organiza\u010dn\u00ed struktura<\/td>\n<td>&#8211; zastupitelstvo obce<\/p>\n<p>&#8211; v\u00fdbory obce<\/p>\n<p>&#8211; starosta<\/p>\n<p>&#8211; administrativa obce<\/p>\n<p>podrobn\u00e9 informace <a href=\"http:\/\/www.dedova.cz\/index.php?option=com_content&amp;task=view&amp;id=15&amp;Itemid=35\">zde<\/a><\/td>\n<\/tr>\n<tr>\n<td>4.<\/td>\n<td>Kontaktn\u00ed spojen\u00ed<\/td>\n<td>Obecn\u00ed \u00fa\u0159ad D\u011bdov\u00e1<\/p>\n<p>D\u011bdov\u00e1 38, 53901 Hlinsko<\/p>\n<p>tel. 469 341 437<\/p>\n<p>email: starosta@dedova.cz<\/p>\n<p>Tato adresa je chr\u00e1n\u011bna proti spamov\u00e1n\u00ed, pro jej\u00ed zobrazen\u00ed pot\u0159ebujete m\u00edt Java scripty povoleny<\/p>\n<p>mobil starosta: +420 607 078 287<\/td>\n<\/tr>\n<tr>\n<td>5.<\/td>\n<td>P\u0159\u00edpadn\u00e9 platby m\u016f\u017eete pouk\u00e1zat<\/td>\n<td>11728531\/0100<\/p>\n<p>Komer\u010dn\u00ed banka Hlinsko<\/td>\n<\/tr>\n<tr>\n<td>6.<\/td>\n<td>I\u010cO<\/td>\n<td>00269964<\/td>\n<\/tr>\n<tr>\n<td>7.<\/td>\n<td>DI\u010c<\/td>\n<td>Obec nen\u00ed pl\u00e1tcem DPH.<\/td>\n<\/tr>\n<tr>\n<td>8.<\/td>\n<td>Rozpo\u010det v tomto a\u00a0p\u0159edchoz\u00edm roce<\/td>\n<td><a href=\"http:\/\/www.dedova.cz\/images\/stories\/rozpocet2014.pdf\">\u00a0<\/a><\/td>\n<\/tr>\n<tr>\n<td>9.<\/td>\n<td>\u017d\u00e1dosti o informace<\/td>\n<td>&#8211; osobn\u011b na O\u00da v \u00fa\u0159edn\u00ed hodiny &#8211; <a href=\"http:\/\/www.dedova.cz\/index.php?option=com_content&amp;task=view&amp;id=14&amp;Itemid=34\">info<\/a>&#8211; p\u00edsemn\u011b na adresu \u00fa\u0159adu &#8211; emailem starosta@dedova.cz<\/p>\n<p>Tato adresa je chr\u00e1n\u011bna proti spamov\u00e1n\u00ed, pro jej\u00ed zobrazen\u00ed pot\u0159ebujete m\u00edt Java scripty povoleny.<\/p>\n<p>Dne 1. ledna 2000 vstoupil v\u00a0platnost z\u00e1kon \u010d. 106\/1999 Sb., o svobodn\u00e9m p\u0159\u00edstupu k\u00a0informac\u00edm.<\/p>\n<p><strong>Z\u00e1kon umo\u017e\u0148uje ob\u010dan\u016fm vy\u017eadovat informace o:<\/strong><\/p>\n<p>\u25cf\u00a0obci\u00a0 jako pr\u00e1vnick\u00e9 osob\u011b \u25cf\u00a0organiza\u010dn\u00ed struktu\u0159e ff<\/p>\n<p>\u25cf\u00a0m\u00edstu, lh\u016ft\u00e1ch a zp\u016fsobu pod\u00e1n\u00ed opravn\u00fdch prost\u0159edk\u016f proti rozhodnut\u00edm \u25cf\u00a0postupu p\u0159i vy\u0159izov\u00e1n\u00ed st\u00ed\u017enost\u00ed, ozn\u00e1men\u00ed a podn\u011bt\u016f, jako\u017e i ve\u0161ker\u00e9 dal\u0161\u00ed informace, kter\u00e9 nejsou chr\u00e1n\u011bn\u00e9 z\u00e1konn\u00fdmi p\u0159edpisy, v\u010detn\u011b v\u00fdro\u010dn\u00ed zpr\u00e1vy za p\u0159edchoz\u00ed kalend\u00e1\u0159n\u00ed rok o \u010dinnosti obce\u00a0 v\u00a0oblasti poskytov\u00e1n\u00ed informac\u00ed<\/p>\n<p><strong>Mezi informace, kter\u00e9 nelze poskytnout pat\u0159\u00ed:<\/strong><\/p>\n<p>\u25cf\u00a0utajovan\u00e9 skute\u010dnosti (\u00a77) \u25cf\u00a0skute\u010dnosti t\u00fdkaj\u00edc\u00ed se ochrany osobnosti a soukrom\u00ed (\u00a78) \u25cf\u00a0obchodn\u00ed tajemstv\u00ed (\u00a79) \u25cf\u00a0skute\u010dnosti t\u00fdkaj\u00edc\u00ed se ochrany d\u016fv\u011brnosti majetkov\u00fdch pom\u011br\u016f (\u00a710) \u25cf\u00a0a d\u00e1le v\u0161echny \u00fadaje a informace, na kter\u00e9 se vztahuje omezen\u00ed pr\u00e1va na informace (\u00a711), jako nap\u0159. vnit\u0159n\u00ed pokyny, instrukce, sm\u011brnice \u00fa\u0159adu, person\u00e1ln\u00ed p\u0159edpisy, p\u0159estupky atd.<\/p>\n<p>N\u00e1klady spojen\u00e9 s\u00a0poskytov\u00e1n\u00edm informac\u00ed je zpoplatn\u011bno dle Sazebn\u00edku \u00fahrad za poskytov\u00e1n\u00ed informac\u00ed, kter\u00fd schv\u00e1lila rada obce na sv\u00e9m zased\u00e1n\u00ed dne 16.4.2007.<\/p>\n<p>Je-li \u017e\u00e1dost nesrozumiteln\u00e1 nebo nen\u00ed z\u0159ejm\u00e9, jak\u00e1 informace je po\u017eadov\u00e1na, nebo je formulov\u00e1na p\u0159\u00edli\u0161 obecn\u011b, vyzve se \u017eadatel ve lh\u016ft\u011b do 7 dn\u016f od pod\u00e1n\u00ed \u017e\u00e1dosti, aby \u017e\u00e1dost up\u0159esnil. Neup\u0159esn\u00ed-li \u017eadatel \u017e\u00e1dost do 30 dn\u016f, vyd\u00e1 se rozhodnut\u00ed o odm\u00edtnut\u00ed \u017e\u00e1dosti (\u00a714 odst.3 p\u00edsm b).<\/p>\n<p>P\u00edsemn\u00e1 \u017e\u00e1dost, ze kter\u00e9 nen\u00ed z\u0159ejm\u00e9, \u017ee je ur\u010dena obci, kdo \u017e\u00e1dost pod\u00e1v\u00e1 a identifikace \u017eadatele u \u017e\u00e1dosti podan\u00e9 prost\u0159ednictv\u00edm telekomunika\u010dn\u00edho za\u0159\u00edzen\u00ed (nap\u0159. elektronickou po\u0161tou) se odlo\u017e\u00ed (\u00a714 odst.2).<\/td>\n<\/tr>\n<tr>\n<td>10.<\/td>\n<td>P\u0159\u00edjem \u017e\u00e1dost\u00ed a dal\u0161\u00edch pod\u00e1n\u00ed<\/td>\n<td>&#8211; osobn\u011b na O\u00da v \u00fa\u0159edn\u00ed hodiny- na adrese:<\/p>\n<p>Obecn\u00ed \u00fa\u0159ad D\u011bdov\u00e1, D\u011bdov\u00e1 38, 539 01 Hlinsko<\/p>\n<p>&#8211; email: starosta@dedova.cz<\/p>\n<p>Tato adresa je chr\u00e1n\u011bna proti spamov\u00e1n\u00ed, pro jej\u00ed zobrazen\u00ed pot\u0159ebujete m\u00edt Java scripty povoleny<\/td>\n<\/tr>\n<tr>\n<td>11.<\/td>\n<td>Opravn\u00e9 prost\u0159edky<\/td>\n<td>Proti rozhodnut\u00ed Obecn\u00edho \u00fa\u0159adu lze podat odvol\u00e1n\u00ed prost\u0159ednictv\u00edm odboru, kter\u00fd rozhodnut\u00ed vydal.<\/p>\n<p>Opravn\u00e9 prost\u0159edky se pod\u00e1vaj\u00ed ve lh\u016ft\u00e1ch a zp\u016fsobem stanoven\u00fdm obecnou \u00fapravou spr\u00e1vn\u00edho \u0159\u00edzen\u00ed dle z\u00e1kona \u010d. 400\/2005 Sb., o spr\u00e1vn\u00edm \u0159\u00edzen\u00ed (spr\u00e1vn\u00ed \u0159\u00e1d), ve zn\u011bn\u00ed pozd\u011bj\u0161\u00edch p\u0159edpis\u016f, pokud nestanov\u00ed jin\u00fd postup zvl\u00e1\u0161tn\u00ed z\u00e1kon nebo nejde-li o samostatnou zvl\u00e1\u0161tn\u00ed \u00fapravu (nap\u0159. z\u00e1kon \u010d. 280\/2009 Sb., da\u0148ov\u00fd \u0159\u00e1d, ve zn\u011bn\u00ed pozd\u011bj\u0161\u00edch p\u0159edpis\u016f).<\/p>\n<p>Jedn\u00e1-li se o rozhodnut\u00ed odm\u00edtnut\u00ed \u017e\u00e1dosti o poskytnut\u00ed informace. \u0158\u00edd\u00ed se lh\u016fty pro odvol\u00e1n\u00ed ustanoven\u00edm \u00a7 16 z\u00e1kona \u010d. 106\/1999 Sb., o svobodn\u00e9m p\u0159\u00edstupu k\u00a0informac\u00edm, ve zn\u011bn\u00ed pozd\u011bj\u0161\u00edch p\u0159edpis\u016f.<\/p>\n<p>Odvol\u00e1n\u00ed lze u\u010dinit p\u00edsemn\u011b nebo \u00fastn\u011b do protokolu, p\u0159\u00edpadn\u011b v\u00a0elektronick\u00e9 podob\u011b podepsan\u00e9 elektronicky ov\u011b\u0159en\u00fdm podpisem podle zvl\u00e1\u0161tn\u00edch p\u0159edpis\u016f (z\u00e1kon \u010d. 227\/2000 Sb., o elektronick\u00e9m podpisu).<\/td>\n<\/tr>\n<tr>\n<td>12.<\/td>\n<td>Formul\u00e1\u0159e<\/td>\n<td>osobn\u011b na O\u00da v \u00fa\u0159edn\u00ed hodiny<\/p>\n<p>Doporu\u010dujeme tak\u00e9\u00a0 <a href=\"http:\/\/www.mvcr.cz\/agenda\/blankety\/2000\/\">www .<\/a><a href=\"http:\/\/www.mvcr.cz\/agenda\/blankety\/2000\/\">Ministerstva vnitra<\/a>.cz<\/td>\n<\/tr>\n<tr>\n<td>13.<\/td>\n<td>N\u00e1vody pro \u0159e\u0161en\u00ed\u00a0\u017eivotn\u00edch situac\u00ed<\/td>\n<td>&#8211; odkaz na www str\u00e1nky <b><a href=\"http:\/\/portal.gov.cz\/wps\/portal\/_s.155\/708\">ve\u0159ejn\u00e9 spr\u00e1vy \u010cesk\u00e9 republiky<\/a><\/b><\/p>\n<p>&#8211; odkaz na www str\u00e1nky <b><a href=\"http:\/\/www.mvcr.cz\/mvcr-web-sluzby-pro-verejnost.aspx\">Ministerstva vnitra &#8211; ob\u010dan\u016fm<\/a><\/b><\/td>\n<\/tr>\n<tr>\n<td>14.<\/td>\n<td>Nejd\u016fle\u017eit\u011bj\u0161\u00ed p\u0159edpisy<\/td>\n<td>z\u00e1kon \u010d. 128\/2000 Sb. z\u00e1kon \u010d. 106\/1999 Sb. organiza\u010dn\u00ed \u0159\u00e1dy a intern\u00ed p\u0159edpisy<\/td>\n<\/tr>\n<tr>\n<td>15.<\/td>\n<td>Sazebn\u00edk \u00fahrad za poskytov\u00e1n\u00ed informac\u00ed<\/td>\n<td><strong>Bezplatn\u011b jsou poskytov\u00e1ny:<br \/>\n<\/strong>&#8211; informace poskytnut\u00e9 formou nahl\u00e9dnut\u00ed do &#8220;spisu, dokumentu&#8221; v listinn\u00e9 podob\u011b &#8211; informace poskytnut\u00e1 \u00fastn\u011b nebo prost\u0159ednictv\u00edm telefonu &#8211; informace, kter\u00e9 jsou k dispozici v r\u00e1mci elektronick\u00e9ho zpracov\u00e1n\u00ed dokument\u016f v p\u016fsobnosti O\u00da a lze prov\u00e9st jejich p\u0159\u00edm\u00e9 nakop\u00edrov\u00e1n\u00ed na digit\u00e1ln\u00ed\u00a0 m\u00e9dium.Sazebn\u00edk \u00fahrad za poskytov\u00e1n\u00ed informac\u00ed dle ust. \u00a7 5 odst. 1 p\u00edsm. f) z\u00e1kona \u010d. 106\/1999 Sb. o svobodn\u00e9m p\u0159\u00edstupu k informac\u00edm a z\u00e1kona \u010d. 526\/1990 Sb., o cen\u00e1ch, ve zn\u011bn\u00ed pozd\u011bj\u0161\u00edch p\u0159edpis\u016f &#8211; tj. n\u00e1klad\u016f spojen\u00fdch se zpracov\u00e1n\u00edm a poskytnut\u00edm informace.<br \/>\n<strong>materi\u00e1lov\u00e9 n\u00e1klady<\/strong><br \/>\n&#8211; kop\u00edrovac\u00ed slu\u017eby form\u00e1t A3 (jednostr.\/oboustr.) 3,-K\u010d\/4,-K\u010d, form\u00e1t A4 (jednostr.\/oboustr.) 2,-K\u010d\/3,-K\u010d &#8211; tisk na tisk\u00e1rn\u00e1ch PC\u00a0 \u00a0 &#8211; \u010dernob\u00edl\u00e9 2,-K\u010d 1 str\u00e1nka \u00a0\u00a0\u00a0\u00a0\u00a0\u00a0\u00a0\u00a0\u00a0\u00a0\u00a0\u00a0\u00a0\u00a0\u00a0\u00a0\u00a0\u00a0\u00a0\u00a0\u00a0\u00a0\u00a0\u00a0\u00a0\u00a0\u00a0\u00a0\u00a0\u00a0\u00a0\u00a0\u00a0 &#8211; barevn\u00e9\u00a0 \u00a05,-K\u010d 1 str\u00e1nka &#8211; magnetick\u00fd nosi\u010d (disketa 3,5&#8243;) 15,-K\u010d &#8211; optick\u00fd nosi\u010d (CD-ROM) 20,-K\u010d &#8211; doru\u010dovac\u00ed n\u00e1klady (po\u0161tovn\u00e9) dle tarif\u016f \u010cesk\u00e9 po\u0161ty<br \/>\n<strong>zpracov\u00e1n\u00ed, vyhled\u00e1n\u00ed informace<\/strong><\/p>\n<p>&#8211; 30,- K\u010d za ka\u017edou zapo\u010datou \u010dtvrt hodinu pr\u00e1ce zam\u011bstnance spojen\u00e9 s\u00a0vyhled\u00e1v\u00e1n\u00edm informace, \u00fahradu za poskytnut\u00ed informace provede \u017eadatel do pokladny obce\u00a0 nebo bezhotovostn\u00ed platbou na \u00fa\u010det obce \u00a0p\u0159ed odesl\u00e1n\u00edm &#8211; vyd\u00e1n\u00edm informace.<\/td>\n<\/tr>\n<tr>\n<td>16.<\/td>\n<td>V\u00fdro\u010dn\u00ed zpr\u00e1va podle z\u00e1kona<\/td>\n<td>&#8211; V\u00fdro\u010dn\u00ed zpr\u00e1va 2010 &#8211; 2012 &#8211; <a href=\"http:\/\/www.dedova.cz\/images\/stories\/2012_vz.pdf\">pdf<\/a><\/p>\n<p>&#8211; Vyro\u010dn\u00ed zpr\u00e1va 2013 &#8211; <a href=\"http:\/\/www.dedova.cz\/images\/stories\/vz2013.pdf\">\u00a0pdf<\/a><\/td>\n<\/tr>\n<tr>\n<td>17.<\/td>\n<td>Seznam organizac\u00ed<\/td>\n<td>obec nem\u00e1 z\u0159\u00edzen\u00e9 \u017e\u00e1dn\u00e9 organizace<\/td>\n<\/tr>\n<\/tbody>\n<\/table>\n<\/td>\n<\/tr>\n<\/tbody>\n<\/table>\n","protected":false},"excerpt":{"rendered":"<p>\u010c\u00edslo N\u00e1zev Informace 1. Ofici\u00e1ln\u00ed n\u00e1zev Obec D\u011bdov\u00e1 2. D\u016fvod a zp\u016fsob zalo\u017een\u00ed Obec\u00a0 je z\u0159\u00edzena\u00a0 \u00fastavn\u00edm z\u00e1konem \u010d.1\/1993 Sb. a z\u00e1konem \u010d. 128\/2000 Sb. 3. Organiza\u010dn\u00ed struktura &#8211; zastupitelstvo obce &#8211; v\u00fdbory obce &#8211; starosta &#8211; administrativa obce podrobn\u00e9 informace zde 4. Kontaktn\u00ed spojen\u00ed Obecn\u00ed \u00fa\u0159ad D\u011bdov\u00e1 D\u011bdov\u00e1 38, 53901 Hlinsko tel. 469 341 [&hellip;]<\/p>\n","protected":false},"author":1,"featured_media":0,"parent":0,"menu_order":0,"comment_status":"closed","ping_status":"closed","template":"","meta":{"footnotes":""},"_links":{"self":[{"href":"https:\/\/www.dedova.cz\/index.php?rest_route=\/wp\/v2\/pages\/660"}],"collection":[{"href":"https:\/\/www.dedova.cz\/index.php?rest_route=\/wp\/v2\/pages"}],"about":[{"href":"https:\/\/www.dedova.cz\/index.php?rest_route=\/wp\/v2\/types\/page"}],"author":[{"embeddable":true,"href":"https:\/\/www.dedova.cz\/index.php?rest_route=\/wp\/v2\/users\/1"}],"replies":[{"embeddable":true,"href":"https:\/\/www.dedova.cz\/index.php?rest_route=%2Fwp%2Fv2%2Fcomments&post=660"}],"version-history":[{"count":4,"href":"https:\/\/www.dedova.cz\/index.php?rest_route=\/wp\/v2\/pages\/660\/revisions"}],"predecessor-version":[{"id":1754,"href":"https:\/\/www.dedova.cz\/index.php?rest_route=\/wp\/v2\/pages\/660\/revisions\/1754"}],"wp:attachment":[{"href":"https:\/\/www.dedova.cz\/index.php?rest_route=%2Fwp%2Fv2%2Fmedia&parent=660"}],"curies":[{"name":"wp","href":"https:\/\/api.w.org\/{rel}","templated":true}]}}